 9.
17036
-741 (base 9) to base 7
-1522
c9 (base 14) to base 3
20120
What is -2752 (base 10) in base 14?
-1008
-13034 (base 5) to base 7
-2654
100111000101 (base 2) to base 10
2501
Convert -1013001 (base 5) to base 14.
-60b8
What is 457 (base 15) in base 9?
1311
Convert 4722 (base 8) to base 6.
15350
What is 693 (base 13) in base 7?
3210
4a2 (base 14) to base 7
2462
What is 1231 (base 11) in base 6?
11235
What is 60433 (base 7) in base 10?
14626
Convert -47a5 (base 15) to base 13.
-6c17
50407 (base 9) to base 11
22994
-15667 (base 13) to base 9
-61671
What is -240 (base 7) in base 11?
-105
7331 (base 10) to base 11
5565
1011100 (base 2) to base 9
112
Convert -17c0 (base 13) to base 8.
-6720
What is 1051 (base 7) in base 5?
3004
-11120002 (base 3) to base 6
-23215
Convert -768b (base 14) to base 7.
-113534
309 (base 15) to base 6
3100
Convert 20715 (base 10) to base 15.
6210
Convert -2444431 (base 5) to base 6.
-1000550
What is 10002120 (base 3) in base 5?
33011
Convert -225a (base 11) to base 13.
-1475
Convert -211100 (base 4) to base 15.
-a8e
51f (base 16) to base 13
79b
What is -26c (base 13) in base 2?
-110101100
Convert -241b (base 15) to base 16.
-1dfc
1d95 (base 15) to base 6
45452
Convert -100010010000 (base 2) to base 3.
-10000012
132e (base 16) to base 9
6655
-11223 (base 4) to base 5
-2423
23871 (base 9) to base 8
37225
Convert -431d (base 15) to base 6.
-145431
1be (base 16) to base 9
545
-10183 (base 10) to base 7
-41455
Convert -1578 (base 12) to base 9.
-3432
-19b17 (base 12) to base 4
-21100003
Convert -6a82 (base 11) to base 6.
-110554
-4707 (base 9) to base 5
-102430
Convert -6615 (base 7) to base 14.
-c0c
What is -6b6b (base 14) in base 8?
-44433
What is 2504 (base 7) in base 9?
1248
Convert 2155 (base 7) to base 16.
307
Convert 14992 (base 11) to base 4.
11022203
-c93 (base 15) to base 7
-11163
Convert 51 (base 13) to base 4.
1002
What is 1700 (base 10) in base 13?
a0a
-23543 (base 6) to base 9
-4650
What is 122 (base 16) in base 10?
290
-34a7 (base 16) to base 9
-20436
What is 30017 (base 10) in base 4?
13111001
230301 (base 5) to base 14
2dbb
Convert 3030001 (base 4) to base 9.
18817
Convert 110 (base 4) to base 5.
40
Convert 215511 (base 6) to base 10.
18115
What is 12606 (base 9) in base 4?
2010333
333b8 (base 12) to base 15
1520e
-1d4a (base 15) to base 6
-45254
Convert 590 (base 15) to base 9.
1650
Convert 121714 (base 9) to base 13.
275a4
Convert -1132322 (base 4) to base 15.
-1bee
1505a (base 11) to base 16
5371
Convert 8069 (base 10) to base 14.
2d25
What is -612 (base 9) in base 12?
-355
Convert -101011 (base 2) to base 4.
-223
Convert 297 (base 15) to base 6.
2424
Convert 2742 (base 14) to base 3.
100111020
-1220201 (base 3) to base 12
-984
What is 1100100000101 (base 2) in base 12?
3859
Convert 521 (base 14) to base 16.
3f1
Convert -1431 (base 5) to base 9.
-287
52661 (base 10) to base 2
1100110110110101
Convert -13314 (base 8) to base 12.
-3464
What is 112001 (base 3) in base 8?
573
-401132 (base 6) to base 14
-b612
2315 (base 6) to base 2
1000100111
What is -3144 (base 9) in base 11?
-1809
Convert -212202 (base 3) to base 6.
-2545
-15552 (base 8) to base 5
-211033
What is 1022112 (base 3) in base 14?
4c7
What is -11000110010 (base 2) in base 12?
-b02
What is ba (base 13) in base 15?
a3
What is ee2 (base 16) in base 11?
2954
-110010111100111 (base 2) to base 4
-12113213
Convert -3548 (base 9) to base 16.
-a4c
What is 1658 (base 11) in base 15?
965
Convert -6991 (base 10) to base 4.
-1231033
Convert -2120021 (base 3) to base 11.
-1450
What is 121100122 (base 3) in base 10?
11924
-85514 (base 9) to base 6
-1113451
Convert 9192 (base 10) to base 4.
2033220
What is 306 (base 12) in base 9?
536
What is 49a3 (base 13) in base 15?
3162
-101111101101110 (base 2) to base 9
-36454
Convert 11001011100001 (base 2) to base 7.
52655
21112 (base 5) to base 12
993
-650 (base 12) to base 2
-1110011100
13e9 (base 15) to base 12
2579
5461 (base 12) to base 2
10010001001001
-2603 (base 8) to base 9
-1837
Convert 323 (base 6) to base 9.
146
Convert -20025 (base 12) to base 4.
-22020131
Convert -450322 (base 7) to base 15.
-187d1
Convert 1111001011000101 (base 2) to base 4.
33023011
What is -201110 (base 3) in base 11?
-438
-137a (base 11) to base 3
-2102222
What is -6c59 (base 14) in base 8?
-44717
-1010011221 (base 3) to base 10
-22003
What is dcc (base 14) in base 3?
10202001
What is 606 (base 15) in base 13?
804
What is a14 (base 11) in base 10?
1225
Convert -1604 (base 9) to base 13.
-72a
Convert -1021110 (base 3) to base 12.
-656
-16601 (base 9) to base 5
-331142
-2020220 (base 3) to base 14
-856
10336 (base 7) to base 11
1a31
Convert 12402 (base 5) to base 14.
4db
What is 49c (base 15) in base 3?
1102210
3a9 (base 14) to base 10
737
What is -113320 (base 5) in base 4?
-1001302
Convert -202310 (base 4) to base 7.
-6332
Convert 110 (base 9) to base 15.
60
20102221 (base 4) to base 13
125c5
Convert a16 (base 13) to base 3.
2100022
-14134 (base 7) to base 15
-1217
Convert bad (base 15) to base 9.
3551
Convert -12200030 (base 4) to base 6.
-323152
-210 (base 11) to base 14
-141
What is -7794 (base 11) in base 14?
-3a55
What is -712 (base 13) in base 5?
-14243
What is -211202201 (base 3) in base 5?
-1012342
Convert 101001111000111 (base 2) to base 13.
99ba
-1010100202 (base 3) to base 12
-10985
What is 1010110000000111 (base 2) in base 14?
12099
What is -25446 (base 9) in base 10?
-17133
Convert 146 (base 8) to base 12.
86
What is 2024 (base 6) in base 9?
547
Convert -1303 (base 14) to base 4.
-310013
282 (base 10) to base 15
13c
100111010100 (base 2) to base 3
10110012
11110010001011 (base 2) to base 3
210021001
Convert -676 (base 8) to base 15.
-1eb
What is 47a6 (base 14) in base 5?
344434
What is -3301 (base 8) in base 3?
-2101001
What is -b0 (base 15) in base 5?
-1130
Convert -7696 (base 10) to base 15.
-2431
Convert 1001221 (base 5) to base 15.
4a41
178c (base 15) to base 11
3900
-584 (base 10) to base 9
-718
1000110101010 (base 2) to base 6
32534
Convert -591a (base 16) to base 7.
-123334
-122101 (base 3) to base 16
-1d5
What is -101000010011 (base 2) in base 3?
-10112112
33223 (base 5) to base 6
14413
What is 31737 (base 12) in base 7?
360316
332014 (base 5) to base 14
42a1
What is 100130 (base 4) in base 13?
62c
What is 933 (base 12) in base 9?
1743
What is -4d73 (base 16) in base 4?
-10311303
Convert -614 (base 13) to base 7.
-3002
Convert 1a971 (base 13) to base 3.
2122112021
468c (base 16) to base 5
1034220
What is 23451 (base 7) in base 2?
1011110101111
-1202 (base 7) to base 9
-542
1100302 (base 5) to base 7
105614
-13e14 (base 16) to base 10
-81428
Convert 3c24 (base 15) to base 8.
31073
Convert 3034233 (base 5) to base 9.
74577
Convert 28211 (base 11) to base 14.
10904
Convert 8a7b (base 14) to base 2.
101110111010101
What is -572 (base 9) in base 14?
-258
What is 3598 (base 10) in base 9?
4837
What is -143443 (base 5) in base 4?
-1133223
What is 102113 (base 4) in base 6?
5235
-2b34 (base 14) to base 16
-1e0a
What is -2010002 (base 3) in base 5?
-22131
Convert 6870 (base 9) to base 10.
5085
Convert -223331 (base 4) to base 11.
-2128
What is a47a (base 11) in base 3?
201001010
Convert 768 (base 9) to base 16.
275
115453 (base 6) to base 3
112011120
What is -100 (base 9) in base 15?
-56
Convert 21200 (base 3) to base 6.
543
Convert -452b (base 12) to base 15.
-2412
Convert -211201 (base 3) to base 16.
-265
-101a (base 14) to base 16
-ad0
Convert 35341 (base 6) to base 2.
1001111101101
Convert -348a (base 14) to base 15.
-2a93
3137 (base 11) to base 4
1000322
Convert -2133 (base 8) to base 10.
-1115
Convert 236501 (base 7) to base 8.
124161
Convert -12852 (base 14) to base 8.
-130750
Convert 122200 (base 3) to base 6.
2113
1035 (base 10) to base 6
4443
What is 545 (base 13) in base 5?
12102
Convert -182 (base 9) to base 7.
-311
Convert -795 (base 12) to base 15.
-4eb
What is 6c7 (base 14) in base 7?
3640
Convert -1303430 (base 5) to base 9.
-37862
1009 (base 11) to base 7
3623
Convert 12111 (base 4) to base 5.
3110
What is 9a4e (base 15) in base 12?
16b0b
Convert -50a (base 15) to base 10.
-1135
What is 1001022 (base 3) in base 8?
1374
-411324 (base 5) to base 4
-3100123
-2305 (base 13) to base 8
-11452
648 (base 1